{"id":24747,"date":"2025-12-10T18:39:33","date_gmt":"2025-12-10T15:39:33","guid":{"rendered":"https:\/\/saferteknik.com\/?page_id=24747"},"modified":"2025-12-11T16:56:09","modified_gmt":"2025-12-11T13:56:09","slug":"elektrik-tesisati-pano-kontrolu","status":"publish","type":"page","link":"https:\/\/saferteknik.com\/index.php\/elektrik-tesisati-pano-kontrolu\/","title":{"rendered":"ELEKTR\u0130K TES\u0130SATI PANO KONTROL\u00dc"},"content":{"rendered":"<div class=\"wpb-content-wrapper\"><p>[vc_row][vc_column width=&#8221;2\/3&#8243;][vc_single_image image=&#8221;24764&#8243; img_size=&#8221;full&#8221; style=&#8221;vc_box_rounded&#8221; css=&#8221;&#8221; css_params=&#8221;&#8221;][\/vc_column][vc_column width=&#8221;1\/3&#8243;][vc_column_text css=&#8221;&#8221; css_params=&#8221;&#8221;]<\/p>\n<ul class=\"kontrol-listesi\">\n<li>\n<h3><a href=\"#gorsel-kontrol\">G\u00d6RSEL KONTROL<\/a><\/h3>\n<\/li>\n<li>\n<h3><a href=\"#fonksiyon-testi\">FONKS\u0130YON TEST\u0130<\/a><\/h3>\n<\/li>\n<li>\n<h3><a href=\"#termografik-muayene\">TERMOGRAF\u0130K MUAYENE<\/a><\/h3>\n<\/li>\n<li>\n<h3><a href=\"#kacak-akim-kontrolu\">KA\u00c7AK AKIM KONTROL\u00dc<\/a><\/h3>\n<\/li>\n<\/ul>\n<p>[\/vc_column_text][\/vc_column][\/vc_row][vc_row el_id=&#8221;gorsel-kontrol&#8221; conditional_render=&#8221;%5B%7B%22value_role%22%3A%22administrator%22%7D%5D&#8221; css_params=&#8221;&#8221;][vc_column][vc_empty_space css_params=&#8221;&#8221;][\/vc_column][\/vc_row][vc_row conditional_render=&#8221;%5B%7B%22value_role%22%3A%22administrator%22%7D%5D&#8221; css_params=&#8221;&#8221;][vc_column width=&#8221;3\/6&#8243;][vc_custom_heading text=&#8221;G\u00f6rsel Kontrol&#8221; font_container=&#8221;tag:h3|text_align:left&#8221; use_theme_fonts=&#8221;yes&#8221; css_params=&#8221;&#8221;][vc_column_text css=&#8221;&#8221; css_params=&#8221;&#8221;]Pano g\u00f6rsel muayenesi, elektrik panolar\u0131n\u0131n g\u00fcvenli \u00e7al\u0131\u015fma ko\u015fullar\u0131n\u0131 tehdit edebilecek ar\u0131za, uygunsuzluk ve risk unsurlar\u0131n\u0131n g\u00f6zle yap\u0131lan kontrollerle de\u011ferlendirilmesi i\u015flemidir. Bu muayene kapsam\u0131nda pano i\u00e7i ve pano d\u0131\u015f\u0131ndaki t\u00fcm donan\u0131mlar\u0131n; fiziksel b\u00fct\u00fcnl\u00fc\u011f\u00fc, ba\u011flant\u0131 g\u00fcvenli\u011fi, etiketleme d\u00fczeni, yal\u0131t\u0131m durumu ve koruma s\u0131n\u0131flar\u0131na uygunlu\u011fu incelenir.[\/vc_column_text][vc_column_text css=&#8221;&#8221; css_params=&#8221;&#8221;]<strong>G\u00f6rsel muayene s\u0131ras\u0131nda ;<\/strong><\/p>\n<ul>\n<li>Gev\u015femi\u015f veya yan\u0131k izli ba\u011flant\u0131lar<\/li>\n<li>A\u015f\u0131r\u0131 \u0131s\u0131nma belirtileri<\/li>\n<li>Kablolarda deformasyon (ucu bantl\u0131- bo\u015fta)<\/li>\n<li>Kablolarda ba\u011flant\u0131lar ve renk uyumu<\/li>\n<li>Eksik veya hasarl\u0131 ekipmanlar<\/li>\n<li>Pano i\u00e7i temizlik durumu<\/li>\n<li>Topraklama s\u00fcreklili\u011fi<\/li>\n<li>IP koruma s\u0131n\u0131f\u0131 uygunlu\u011fu<\/li>\n<li>Ka\u00e7ak ak\u0131m ve k\u0131sa devre riskine sebep olabilecek bulgular kontrol edilir.<\/li>\n<\/ul>\n<p>[\/vc_column_text][\/vc_column][vc_column width=&#8221;1\/6&#8243;][\/vc_column][vc_column width=&#8221;2\/6&#8243;][vc_single_image image=&#8221;24749&#8243; img_size=&#8221;full&#8221; style=&#8221;vc_box_rounded&#8221; css=&#8221;&#8221; css_params=&#8221;&#8221;][\/vc_column][\/vc_row][vc_row][vc_column][vc_column_text css=&#8221;&#8221; css_params=&#8221;&#8221;]Ayr\u0131ca pano i\u00e7erisindeki d\u00fczen, kablo g\u00fczerg\u00e2hlar\u0131, baralar\u0131n fiziksel durumu, sigorta ve \u015falterlerin do\u011fru se\u00e7imi ile etiketlendirme gibi standartlara uygunluk a\u00e7\u0131s\u0131ndan de\u011ferlendirilir. Bu i\u015flem, elektrik panolar\u0131n\u0131n periyodik kontrol s\u00fcre\u00e7lerinde g\u00fcvenlik, s\u00fcreklilik ve mevzuata uygunluk a\u00e7\u0131s\u0131ndan temel te\u015fkil eden, sahada ilk a\u015famada uygulanan kritik bir inceleme y\u00f6ntemidir.[\/vc_column_text][\/vc_column][\/vc_row][vc_row el_id=&#8221;fonksiyon-testi&#8221; conditional_render=&#8221;%5B%7B%22value_role%22%3A%22administrator%22%7D%5D&#8221; css_params=&#8221;&#8221;][vc_column][vc_empty_space css_params=&#8221;&#8221;][\/vc_column][\/vc_row][vc_row conditional_render=&#8221;%5B%7B%22value_role%22%3A%22administrator%22%7D%5D&#8221; css_params=&#8221;&#8221;][vc_column width=&#8221;3\/6&#8243;][vc_custom_heading text=&#8221;Fonksiyon Testi&#8221; font_container=&#8221;tag:h3|text_align:left&#8221; use_theme_fonts=&#8221;yes&#8221; css_params=&#8221;&#8221;][vc_column_text css=&#8221;&#8221; css_params=&#8221;&#8221;]Pano fonksiyon testi, elektrik panolar\u0131nda yer alan t\u00fcm koruma, kumanda ve kontrol ekipmanlar\u0131n\u0131n tasarlanan \u00e7al\u0131\u015fma prensiplerine uygun \u015fekilde \u00e7al\u0131\u015f\u0131p \u00e7al\u0131\u015fmad\u0131\u011f\u0131n\u0131n do\u011frulanmas\u0131 amac\u0131yla yap\u0131lan uygulamal\u0131 test s\u00fcrecidir. Bu test, panonun yaln\u0131zca fiziksel olarak sa\u011flam olmas\u0131n\u0131n \u00f6tesinde, elektriksel ve mekanik fonksiyonlar\u0131n\u0131n g\u00fcvenli ve do\u011fru \u00e7al\u0131\u015ft\u0131\u011f\u0131n\u0131 teyit eder.[\/vc_column_text][vc_column_text css=&#8221;&#8221; css_params=&#8221;&#8221;]Pano fonksiyon testi, elektrik panolar\u0131nda yer alan t\u00fcm koruma, kumanda ve kontrol ekipmanlar\u0131n\u0131n tasarlanan \u00e7al\u0131\u015fma prensiplerine uygun \u015fekilde \u00e7al\u0131\u015f\u0131p \u00e7al\u0131\u015fmad\u0131\u011f\u0131n\u0131n do\u011frulanmas\u0131 amac\u0131yla yap\u0131lan uygulamal\u0131 test s\u00fcrecidir. Bu test, panonun yaln\u0131zca fiziksel olarak sa\u011flam olmas\u0131n\u0131n \u00f6tesinde, elektriksel ve mekanik fonksiyonlar\u0131n\u0131n g\u00fcvenli ve do\u011fru \u00e7al\u0131\u015ft\u0131\u011f\u0131n\u0131 teyit eder.<\/p>\n<p>K\u0131saca fonksiyon testi, elektrik panolar\u0131n\u0131n periyodik kontrollerinde g\u00fcvenlik, i\u015fletme s\u00fcreklili\u011fi ve mevzuata uygunluk a\u00e7\u0131s\u0131ndan kritik bir a\u015famay\u0131 olu\u015fturur.[\/vc_column_text][\/vc_column][vc_column width=&#8221;1\/6&#8243;][\/vc_column][vc_column width=&#8221;2\/6&#8243;][vc_single_image image=&#8221;24772&#8243; img_size=&#8221;full&#8221; style=&#8221;vc_box_rounded&#8221; css=&#8221;&#8221; css_params=&#8221;&#8221; label=&#8221;&#8221;][\/vc_column][\/vc_row][vc_row el_id=&#8221;termografik-muayene&#8221; conditional_render=&#8221;%5B%7B%22value_role%22%3A%22administrator%22%7D%5D&#8221; css_params=&#8221;&#8221;][vc_column][vc_empty_space css_params=&#8221;&#8221;][\/vc_column][\/vc_row][vc_row conditional_render=&#8221;%5B%7B%22value_role%22%3A%22administrator%22%7D%5D&#8221; css_params=&#8221;&#8221;][vc_column width=&#8221;3\/6&#8243;][vc_custom_heading text=&#8221;Termografik Muayene&#8221; font_container=&#8221;tag:h3|text_align:left&#8221; use_theme_fonts=&#8221;yes&#8221; css_params=&#8221;&#8221;][vc_column_text css=&#8221;&#8221; css_params=&#8221;&#8221;]Termografik muayene, elektrik panolar\u0131 ve tesisatlar\u0131nda olu\u015fabilecek a\u015f\u0131r\u0131 \u0131s\u0131nma, gev\u015fek ba\u011flant\u0131, dengesiz y\u00fck da\u011f\u0131l\u0131m\u0131 ve ekipman ar\u0131zalar\u0131n\u0131 tespit etmek amac\u0131yla yap\u0131lan temass\u0131z termal kameralarla \u0131s\u0131 g\u00f6r\u00fcnt\u00fcleme analizidir. Bu y\u00f6ntem, k\u0131z\u0131l\u00f6tesi kamera kullan\u0131larak panodaki t\u00fcm ak\u0131m ta\u015f\u0131yan bile\u015fenlerin \u00e7al\u0131\u015fma s\u0131cakl\u0131klar\u0131n\u0131n kay\u0131t alt\u0131na al\u0131nmas\u0131 ve olas\u0131 risklerin erken a\u015famada belirlenmesini sa\u011flar.[\/vc_column_text][vc_column_text css=&#8221;&#8221; css_params=&#8221;&#8221;]<strong>Muayene s\u0131ras\u0131nda<\/strong>;<\/p>\n<ul>\n<li>Bara, kablo, klemens, sigorta, kontakt\u00f6r, \u015falter gibi t\u00fcm iletken noktalar\u0131n s\u0131cakl\u0131k de\u011ferleri \u00f6l\u00e7\u00fcl\u00fcr.<\/li>\n<li>Bile\u015fenler aras\u0131ndaki s\u0131cakl\u0131k farklar\u0131, \u00fcretici limitleri ve standart s\u0131n\u0131r de\u011ferleri ile kar\u015f\u0131la\u015ft\u0131r\u0131l\u0131r.<\/li>\n<li>Y\u00fck alt\u0131nda \u00e7al\u0131\u015fan sistemlerde gev\u015fek ba\u011flant\u0131, oksidasyon, a\u015f\u0131r\u0131 y\u00fck, faz dengesizli\u011fi veya ekipman ya\u015flanmas\u0131 gibi termal anormallikler tespit edilir.<\/li>\n<\/ul>\n<p>[\/vc_column_text][vc_column_text css=&#8221;&#8221; css_params=&#8221;&#8221;]Termografik muayene, ar\u0131zalar olu\u015fmadan \u00f6nce \u00f6nlem al\u0131nmas\u0131na olanak sa\u011flayarak i\u015fletme g\u00fcvenli\u011fini art\u0131ran, bak\u0131m planlamas\u0131n\u0131 destekleyen ve enerji verimlili\u011fine katk\u0131 sa\u011flayan \u00f6nemli bir periyodik kontrol y\u00f6ntemidir<strong>.<\/strong>[\/vc_column_text][\/vc_column][vc_column width=&#8221;1\/6&#8243;][\/vc_column][vc_column width=&#8221;2\/6&#8243;][vc_single_image image=&#8221;24774&#8243; img_size=&#8221;full&#8221; style=&#8221;vc_box_rounded&#8221; css=&#8221;&#8221; css_params=&#8221;&#8221; label=&#8221;&#8221;][\/vc_column][\/vc_row][vc_row el_id=&#8221;kacak-akim-kontrolu&#8221; conditional_render=&#8221;%5B%7B%22value_role%22%3A%22administrator%22%7D%5D&#8221; css_params=&#8221;&#8221;][vc_column][vc_empty_space css_params=&#8221;&#8221;][\/vc_column][\/vc_row][vc_row conditional_render=&#8221;%5B%7B%22value_role%22%3A%22administrator%22%7D%5D&#8221; css_params=&#8221;&#8221;][vc_column width=&#8221;3\/6&#8243;][vc_custom_heading text=&#8221;Ka\u00e7ak Ak\u0131m Kontrol\u00fc&#8221; font_container=&#8221;tag:h3|text_align:left&#8221; use_theme_fonts=&#8221;yes&#8221; css_params=&#8221;&#8221;][vc_column_text css=&#8221;&#8221; css_params=&#8221;&#8221;]Ka\u00e7ak ak\u0131m koruma r\u00f6lesi periyodik kontrol\u00fc, elektrik tesisatlar\u0131nda can g\u00fcvenli\u011fini sa\u011flamak ve yang\u0131n riskini azaltmak amac\u0131yla kullan\u0131lan RCD\u2019lerin bulunup bulunmad\u0131\u011f\u0131n\u0131n, mevcut olan RCD\u2019nin do\u011fru \u00e7al\u0131\u015f\u0131p \u00e7al\u0131\u015fmad\u0131\u011f\u0131n\u0131n test edilmesi i\u015flemidir. Bu kontrol, cihaz\u0131n hata ak\u0131m\u0131 alg\u0131lama ve devreyi kesme fonksiyonlar\u0131n\u0131n standartlara uygunlu\u011funu do\u011frular.[\/vc_column_text][vc_column_text css=&#8221;&#8221; css_params=&#8221;&#8221;]<strong>Kontrol s\u0131ras\u0131nda;<\/strong><\/p>\n<ul>\n<li>R\u00f6lenin nominal ka\u00e7ak ak\u0131m de\u011feri (I\u0394n) ve \u00e7al\u0131\u015fma karakteristi\u011fi incelenir.<\/li>\n<li>Test cihaz\u0131 ile 30 mA \/ 300 mA kademelerinde a\u00e7ma testleri yap\u0131l\u0131r.<\/li>\n<li>A\u00e7ma zaman\u0131 (trip time) ve a\u00e7ma ak\u0131m\u0131 (trip current) \u00f6l\u00e7\u00fclerek ilgili standart s\u0131n\u0131r de\u011ferleriyle kar\u015f\u0131la\u015ft\u0131r\u0131l\u0131r.<\/li>\n<li>R\u00f6lede mekanik sorun, ba\u011flant\u0131 gev\u015fekli\u011fi, \u0131s\u0131nma, etiket bilgileri ve montaj uygunlu\u011fu g\u00f6rsel olarak de\u011ferlendirilir.<\/li>\n<\/ul>\n<p>[\/vc_column_text][vc_column_text css=&#8221;&#8221; css_params=&#8221;&#8221;]\u00d6zetle ka\u00e7ak ak\u0131m r\u00f6lelerinin d\u00fczenli olarak test edilmesi; elektrik \u00e7arpmas\u0131, yang\u0131n, izolasyon hatalar\u0131 ve gizli ar\u0131zalar\u0131n \u00f6n\u00fcne ge\u00e7erek i\u015fletme g\u00fcvenli\u011fini art\u0131ran kritik bir periyodik kontrol uygulamas\u0131d\u0131r.[\/vc_column_text][\/vc_column][vc_column width=&#8221;1\/6&#8243;][\/vc_column][vc_column width=&#8221;2\/6&#8243;][vc_single_image image=&#8221;24775&#8243; img_size=&#8221;full&#8221; style=&#8221;vc_box_rounded&#8221; css=&#8221;&#8221; css_params=&#8221;&#8221; label=&#8221;&#8221;][\/vc_column][\/vc_row]<\/p>\n<\/div>","protected":false},"excerpt":{"rendered":"<p>[vc_row][vc_column width=&#8221;2\/3&#8243;][vc_single_image image=&#8221;24764&#8243; img_size=&#8221;full&#8221; style=&#8221;vc_box_rounded&#8221; css=&#8221;&#8221; css_params=&#8221;&#8221;][\/vc_column][vc_column width=&#8221;1\/3&#8243;][vc_column_text css=&#8221;&#8221; css_params=&#8221;&#8221;] G\u00d6RSEL KONTROL FONKS\u0130YON TEST\u0130 TERMOGRAF\u0130K MUAYENE KA\u00c7AK AKIM KONTROL\u00dc [\/vc_column_text][\/vc_column][\/vc_row][vc_row el_id=&#8221;gorsel-kontrol&#8221; conditional_render=&#8221;%5B%7B%22value_role%22%3A%22administrator%22%7D%5D&#8221; css_params=&#8221;&#8221;][vc_column][vc_empty_space css_params=&#8221;&#8221;][\/vc_column][\/vc_row][vc_row conditional_render=&#8221;%5B%7B%22value_role%22%3A%22administrator%22%7D%5D&#8221; css_params=&#8221;&#8221;][vc_column width=&#8221;3\/6&#8243;][vc_custom_heading text=&#8221;G\u00f6rsel Kontrol&#8221; font_container=&#8221;tag:h3|text_align:left&#8221; use_theme_fonts=&#8221;yes&#8221; css_params=&#8221;&#8221;][vc_column_text css=&#8221;&#8221; css_params=&#8221;&#8221;]Pano g\u00f6rsel muayenesi, elektrik panolar\u0131n\u0131n g\u00fcvenli \u00e7al\u0131\u015fma ko\u015fullar\u0131n\u0131 tehdit edebilecek ar\u0131za, uygunsuzluk ve risk unsurlar\u0131n\u0131n g\u00f6zle yap\u0131lan kontrollerle de\u011ferlendirilmesi i\u015flemidir. Bu muayene [&hellip;]<\/p>\n","protected":false},"author":1,"featured_media":0,"parent":0,"menu_order":0,"comment_status":"closed","ping_status":"closed","template":"","meta":{"footnotes":""},"class_list":["post-24747","page","type-page","status-publish","hentry"],"_links":{"self":[{"href":"https:\/\/saferteknik.com\/index.php\/wp-json\/wp\/v2\/pages\/24747","targetHints":{"allow":["GET"]}}],"collection":[{"href":"https:\/\/saferteknik.com\/index.php\/wp-json\/wp\/v2\/pages"}],"about":[{"href":"https:\/\/saferteknik.com\/index.php\/wp-json\/wp\/v2\/types\/page"}],"author":[{"embeddable":true,"href":"https:\/\/saferteknik.com\/index.php\/wp-json\/wp\/v2\/users\/1"}],"replies":[{"embeddable":true,"href":"https:\/\/saferteknik.com\/index.php\/wp-json\/wp\/v2\/comments?post=24747"}],"version-history":[{"count":24,"href":"https:\/\/saferteknik.com\/index.php\/wp-json\/wp\/v2\/pages\/24747\/revisions"}],"predecessor-version":[{"id":24777,"href":"https:\/\/saferteknik.com\/index.php\/wp-json\/wp\/v2\/pages\/24747\/revisions\/24777"}],"wp:attachment":[{"href":"https:\/\/saferteknik.com\/index.php\/wp-json\/wp\/v2\/media?parent=24747"}],"curies":[{"name":"wp","href":"https:\/\/api.w.org\/{rel}","templated":true}]}}