{"id":24497,"date":"2025-06-19T17:20:54","date_gmt":"2025-06-19T14:20:54","guid":{"rendered":"https:\/\/saferteknik.com\/?page_id=24497"},"modified":"2025-06-19T17:20:54","modified_gmt":"2025-06-19T14:20:54","slug":"isyeri-bina-ve-eklentilerinde-alinacak-saglik-ve-guvenlik-onlemlerine-iliskin-yonetmelik-2","status":"publish","type":"page","link":"https:\/\/saferteknik.com\/index.php\/isyeri-bina-ve-eklentilerinde-alinacak-saglik-ve-guvenlik-onlemlerine-iliskin-yonetmelik-2\/","title":{"rendered":"\u0130\u015eYER\u0130 B\u0130NA VE EKLENT\u0130LER\u0130NDE ALINACAK SA\u011eLIK VE G\u00dcVENL\u0130K  \u00d6NLEMLER\u0130NE \u0130L\u0130\u015eK\u0130N Y\u00d6NETMEL\u0130K"},"content":{"rendered":"<div class=\"wpb-content-wrapper\"><p>[vc_row][vc_column][vc_raw_html css=&#8221;&#8221; css_params=&#8221;&#8221;]JTNDaWZyYW1lJTIwc3JjJTNEJTIyaHR0cHMlM0ElMkYlMkZzYWZlcnRla25pay5jb20lMkZ3cC1jb250ZW50JTJGdXBsb2FkcyUyRjIwMjUlMkYwNiUyRklTWUVSSS1CSU5BLVZFLUVLTEVOVElMRVJJTkRFLUFMSU5BQ0FLLVNBR0xJSy1WRS1HVVZFTkxJSy1PTkxFTUxFUklORS1JTElTS0lOLVlPTkVUTUVMSUsucGRmJTIyJTIwd2lkdGglM0QlMjIxNDAwJTIyJTIwaGVpZ2h0JTNEJTIyMjAwMCUyMiUyMGZyYW1lYm9yZGVyJTNEJTIyMCUyMiUyMG1hcmdpbmhlaWdodCUzRCUyMjAlMjIlMjBtYXJnaW53aWR0aCUzRCUyMjAlMjIlM0VZJUMzJUJDa2xlbml5b3IlRTIlODAlQTYlM0MlMkZpZnJhbWUlM0U=[\/vc_raw_html][\/vc_column][\/vc_row]<\/p>\n<\/div>","protected":false},"excerpt":{"rendered":"<p>[vc_row][vc_column][vc_raw_html css=&#8221;&#8221; css_params=&#8221;&#8221;]JTNDaWZyYW1lJTIwc3JjJTNEJTIyaHR0cHMlM0ElMkYlMkZzYWZlcnRla25pay5jb20lMkZ3cC1jb250ZW50JTJGdXBsb2FkcyUyRjIwMjUlMkYwNiUyRklTWUVSSS1CSU5BLVZFLUVLTEVOVElMRVJJTkRFLUFMSU5BQ0FLLVNBR0xJSy1WRS1HVVZFTkxJSy1PTkxFTUxFUklORS1JTElTS0lOLVlPTkVUTUVMSUsucGRmJTIyJTIwd2lkdGglM0QlMjIxNDAwJTIyJTIwaGVpZ2h0JTNEJTIyMjAwMCUyMiUyMGZyYW1lYm9yZGVyJTNEJTIyMCUyMiUyMG1hcmdpbmhlaWdodCUzRCUyMjAlMjIlMjBtYXJnaW53aWR0aCUzRCUyMjAlMjIlM0VZJUMzJUJDa2xlbml5b3IlRTIlODAlQTYlM0MlMkZpZnJhbWUlM0U=[\/vc_raw_html][\/vc_column][\/vc_row]<\/p>\n","protected":false},"author":1,"featured_media":0,"parent":0,"menu_order":0,"comment_status":"closed","ping_status":"closed","template":"","meta":{"footnotes":""},"class_list":["post-24497","page","type-page","status-publish","hentry"],"_links":{"self":[{"href":"https:\/\/saferteknik.com\/index.php\/wp-json\/wp\/v2\/pages\/24497","targetHints":{"allow":["GET"]}}],"collection":[{"href":"https:\/\/saferteknik.com\/index.php\/wp-json\/wp\/v2\/pages"}],"about":[{"href":"https:\/\/saferteknik.com\/index.php\/wp-json\/wp\/v2\/types\/page"}],"author":[{"embeddable":true,"href":"https:\/\/saferteknik.com\/index.php\/wp-json\/wp\/v2\/users\/1"}],"replies":[{"embeddable":true,"href":"https:\/\/saferteknik.com\/index.php\/wp-json\/wp\/v2\/comments?post=24497"}],"version-history":[{"count":1,"href":"https:\/\/saferteknik.com\/index.php\/wp-json\/wp\/v2\/pages\/24497\/revisions"}],"predecessor-version":[{"id":24499,"href":"https:\/\/saferteknik.com\/index.php\/wp-json\/wp\/v2\/pages\/24497\/revisions\/24499"}],"wp:attachment":[{"href":"https:\/\/saferteknik.com\/index.php\/wp-json\/wp\/v2\/media?parent=24497"}],"curies":[{"name":"wp","href":"https:\/\/api.w.org\/{rel}","templated":true}]}}