{"id":1284,"date":"2025-03-11T14:08:23","date_gmt":"2025-03-11T11:08:23","guid":{"rendered":"https:\/\/saferteknik.com\/?page_id=1284"},"modified":"2025-05-02T15:50:23","modified_gmt":"2025-05-02T12:50:23","slug":"sivi-penetrant-muayenesi-pt","status":"publish","type":"page","link":"https:\/\/saferteknik.com\/index.php\/tahribatsiz-muayene-ndt\/sivi-penetrant-muayenesi-pt\/","title":{"rendered":"SIVI PENETRANT MUAYENES\u0130 (PT)"},"content":{"rendered":"<div class=\"wpb-content-wrapper\"><p>[vc_row full_width=&#8221;stretch_row_content_no_spaces&#8221; css=&#8221;.vc_custom_1746187986409{margin-top: -50px !important;background-image: url(https:\/\/saferteknik.com\/wp-content\/uploads\/2025\/05\/SIVI-PENETRANT-MUAYENESI-PT.jpg?id=24398) !important;}&#8221; conditional_render=&#8221;%5B%7B%22value_role%22%3A%22administrator%22%7D%5D&#8221; css_params=&#8221;&#8221;][vc_column offset=&#8221;vc_hidden-md vc_hidden-sm vc_hidden-xs&#8221; conditional_render=&#8221;%5B%7B%22value_role%22%3A%22administrator%22%7D%5D&#8221; css_params=&#8221;&#8221;][vc_empty_space height=&#8221;290px&#8221; css_params=&#8221;&#8221;][\/vc_column][\/vc_row][vc_row][vc_column][vc_column_text]Malzemelerin y\u00fczeyindeki a\u00e7\u0131k s\u00fcreksizlikleri tespit etmek i\u00e7in kullan\u0131lan yayg\u0131n bir tahribats\u0131z muayene y\u00f6ntemidir. Bu y\u00f6ntem, \u00f6zellikle ferromanyetik olmayan malzemelerde y\u00fczey \u00e7atlaklar\u0131, g\u00f6zenekler ve di\u011fer kusurlar\u0131n belirlenmesinde etkilidir.[\/vc_column_text][vc_custom_heading text=&#8221;S\u0131v\u0131 Penetrant Muayenesinin A\u015famalar\u0131&#8221; font_container=&#8221;tag:h3|text_align:left&#8221; google_fonts=&#8221;font_family:Roboto%3A100%2C100italic%2C300%2C300italic%2Cregular%2Citalic%2C500%2C500italic%2C700%2C700italic%2C900%2C900italic|font_style:400%20regular%3A400%3Anormal&#8221;][vc_column_text]<\/p>\n<ul>\n<li><strong>Y\u00fczey Haz\u0131rl\u0131\u011f\u0131<\/strong>: Muayene edilecek y\u00fczey, ya\u011f, kir, pas ve boyadan ar\u0131nd\u0131r\u0131larak temizlenir. Bu ad\u0131m, penetrant s\u0131v\u0131s\u0131n\u0131n kusurlara n\u00fcfuz edebilmesi i\u00e7in kritiktir.<\/li>\n<li><strong>Penetrant Uygulamas\u0131<\/strong>: Temizlenmi\u015f y\u00fczeye, floresan veya g\u00f6r\u00fcn\u00fcr boya i\u00e7eren penetrant s\u0131v\u0131s\u0131 uygulan\u0131r ve belirli bir s\u00fcre beklenir. Bu s\u00fcre zarf\u0131nda s\u0131v\u0131, y\u00fczeydeki a\u00e7\u0131k s\u00fcreksizliklere n\u00fcfuz eder.<\/li>\n<li><strong>Fazla Penetrant\u0131n Temizlenmesi<\/strong>: Y\u00fczeyde kalan fazla penetrant, uygun temizleyiciler veya su ile dikkatlice temizlenir, ancak kusurlar i\u00e7indeki s\u0131v\u0131 korunur.<\/li>\n<li><strong>Geli\u015ftirici Uygulamas\u0131<\/strong>: Y\u00fczeye geli\u015ftirici madde uygulan\u0131r. Geli\u015ftirici, kusurlar i\u00e7indeki penetrant\u0131 y\u00fczeye \u00e7ekerek kontrast olu\u015fturur ve kusurlar\u0131n g\u00f6r\u00fcn\u00fcrl\u00fc\u011f\u00fcn\u00fc art\u0131r\u0131r.<\/li>\n<li><strong>Muayene ve De\u011ferlendirme<\/strong>: Geli\u015ftirici uyguland\u0131ktan sonra, y\u00fczey uygun \u0131\u015f\u0131k ko\u015fullar\u0131 alt\u0131nda incelenir. Floresan penetrant kullan\u0131ld\u0131\u011f\u0131nda ultraviyole \u0131\u015f\u0131k, g\u00f6r\u00fcn\u00fcr boya kullan\u0131ld\u0131\u011f\u0131nda ise beyaz \u0131\u015f\u0131k tercih edilir.<\/li>\n<\/ul>\n<p>[\/vc_column_text][vc_custom_heading text=&#8221;Uygulama Alanlar\u0131&#8221; font_container=&#8221;tag:h3|text_align:left&#8221; google_fonts=&#8221;font_family:Roboto%3A100%2C100italic%2C300%2C300italic%2Cregular%2Citalic%2C500%2C500italic%2C700%2C700italic%2C900%2C900italic|font_style:400%20regular%3A400%3Anormal&#8221;][vc_column_text]S\u0131v\u0131 penetrant muayenesi, otomotiv, havac\u0131l\u0131k, bas\u0131n\u00e7l\u0131 kaplar, kaynakl\u0131 imalat, d\u00f6k\u00fcm ve d\u00f6vme gibi bir\u00e7ok end\u00fcstride yayg\u0131n olarak kullan\u0131l\u0131r. \u00d6zellikle al\u00fcminyum, \u00f6stenitik \u00e7elikler, bak\u0131r ve titanyum gibi ferromanyetik olmayan malzemelerde y\u00fczey s\u00fcreksizliklerinin tespitinde tercih edilir.[\/vc_column_text][vc_custom_heading text=&#8221;Avantajlar\u0131&#8221; font_container=&#8221;tag:h3|text_align:left&#8221; google_fonts=&#8221;font_family:Roboto%3A100%2C100italic%2C300%2C300italic%2Cregular%2Citalic%2C500%2C500italic%2C700%2C700italic%2C900%2C900italic|font_style:400%20regular%3A400%3Anormal&#8221;][vc_column_text]<\/p>\n<ul>\n<li><strong>Geni\u015f Malzeme Uyumlulu\u011fu<\/strong>: Metaller, seramikler ve baz\u0131 plastikler dahil olmak \u00fczere bir\u00e7ok g\u00f6zeneksiz malzemeye uygulanabilir.<\/li>\n<li><strong>Ta\u015f\u0131nabilirlik<\/strong>: Basit ekipmanlarla saha ko\u015fullar\u0131nda uygulanabilir.<\/li>\n<li><strong>Ekonomik<\/strong>: Di\u011fer tahribats\u0131z muayene y\u00f6ntemlerine g\u00f6re daha d\u00fc\u015f\u00fck maliyetlidir.<\/li>\n<\/ul>\n<p>[\/vc_column_text][vc_custom_heading text=&#8221;S\u0131n\u0131rlamalar\u0131&#8221; font_container=&#8221;tag:h3|text_align:left&#8221; google_fonts=&#8221;font_family:Roboto%3A100%2C100italic%2C300%2C300italic%2Cregular%2Citalic%2C500%2C500italic%2C700%2C700italic%2C900%2C900italic|font_style:400%20regular%3A400%3Anormal&#8221;][vc_column_text]<\/p>\n<ul>\n<li><strong>Y\u00fczey Kusurlar\u0131yla S\u0131n\u0131rl\u0131<\/strong>: Sadece y\u00fczeye a\u00e7\u0131k kusurlar\u0131 tespit edebilir; y\u00fczey alt\u0131 kusurlar i\u00e7in uygun de\u011fildir.<\/li>\n<li><strong>Y\u00fczey Haz\u0131rl\u0131\u011f\u0131 Gereklili\u011fi<\/strong>: Do\u011fru sonu\u00e7lar i\u00e7in y\u00fczeyin temiz ve p\u00fcr\u00fczs\u00fcz olmas\u0131 \u015fartt\u0131r.<\/li>\n<li><strong>G\u00f6zenekli Malzemeler<\/strong>: G\u00f6zenekli malzemelerde yan\u0131lt\u0131c\u0131 sonu\u00e7lar verebilir.<\/li>\n<\/ul>\n<p>[\/vc_column_text][vc_column_text]S\u0131v\u0131 Penetrant Muayenesi, y\u00fczey s\u00fcreksizliklerinin tespitinde h\u0131zl\u0131, ekonomik ve etkili bir y\u00f6ntem olarak end\u00fcstride \u00f6nemli bir yer tutar. Do\u011fru uygulama ve de\u011ferlendirme ile malzeme g\u00fcvenilirli\u011fi ve kalite kontrol s\u00fcre\u00e7lerinde vazge\u00e7ilmez bir ara\u00e7t\u0131r.[\/vc_column_text][\/vc_column][\/vc_row][vc_row][vc_column]<div class=\"porto-gallery has-ccols ccols-1 has-ccols-spacing ccols-sm-2 ccols-md-3 ccols-lg-4 wpb_custom_7087282f45ebda4c1aca5cdb7af69eb5 porto-carousel owl-carousel align-items-start lightbox\" data-plugin-options=\"{&quot;autoplayTimeout&quot;:5000,&quot;items&quot;:4,&quot;xl&quot;:4,&quot;lg&quot;:4,&quot;md&quot;:3,&quot;sm&quot;:2,&quot;xs&quot;:1,&quot;nav&quot;:true,&quot;dots&quot;:false,&quot;margin&quot;:10}\" data-lightbox-options=\"{&quot;delegate&quot;:&quot;a&quot;,&quot;mainClass&quot;:&quot;mfp-with-zoom&quot;,&quot;zoom&quot;:{&quot;enabled&quot;:true,&quot;duration&quot;:300},&quot;gallery&quot;:{&quot;enabled&quot;:true},&quot;type&quot;:&quot;image&quot;}\"><a href=\"https:\/\/saferteknik.com\/wp-content\/uploads\/2025\/05\/SIVI-PENETRANT-MUAYENESI-PT-3.jpg\"><figure><img loading=\"lazy\" decoding=\"async\" width=\"501\" height=\"667\" src=\"https:\/\/saferteknik.com\/wp-content\/uploads\/2025\/05\/SIVI-PENETRANT-MUAYENESI-PT-3.jpg\" class=\"attachment-full size-full\" alt=\"\" srcset=\"https:\/\/saferteknik.com\/wp-content\/uploads\/2025\/05\/SIVI-PENETRANT-MUAYENESI-PT-3.jpg 501w, https:\/\/saferteknik.com\/wp-content\/uploads\/2025\/05\/SIVI-PENETRANT-MUAYENESI-PT-3-400x533.jpg 400w, https:\/\/saferteknik.com\/wp-content\/uploads\/2025\/05\/SIVI-PENETRANT-MUAYENESI-PT-3-367x489.jpg 367w\" sizes=\"auto, (max-width: 501px) 100vw, 501px\" \/><\/figure><\/a><a href=\"https:\/\/saferteknik.com\/wp-content\/uploads\/2025\/05\/SIVI-PENETRANT-MUAYENESI-PT-5.jpg\"><figure><img loading=\"lazy\" decoding=\"async\" width=\"501\" height=\"667\" src=\"https:\/\/saferteknik.com\/wp-content\/uploads\/2025\/05\/SIVI-PENETRANT-MUAYENESI-PT-5.jpg\" class=\"attachment-full size-full\" alt=\"\" srcset=\"https:\/\/saferteknik.com\/wp-content\/uploads\/2025\/05\/SIVI-PENETRANT-MUAYENESI-PT-5.jpg 501w, https:\/\/saferteknik.com\/wp-content\/uploads\/2025\/05\/SIVI-PENETRANT-MUAYENESI-PT-5-400x533.jpg 400w, https:\/\/saferteknik.com\/wp-content\/uploads\/2025\/05\/SIVI-PENETRANT-MUAYENESI-PT-5-367x489.jpg 367w\" sizes=\"auto, (max-width: 501px) 100vw, 501px\" \/><\/figure><\/a><a href=\"https:\/\/saferteknik.com\/wp-content\/uploads\/2025\/05\/SIVI-PENETRANT-MUAYENESI-PT-2.jpg\"><figure><img loading=\"lazy\" decoding=\"async\" width=\"501\" height=\"667\" src=\"https:\/\/saferteknik.com\/wp-content\/uploads\/2025\/05\/SIVI-PENETRANT-MUAYENESI-PT-2.jpg\" class=\"attachment-full size-full\" alt=\"\" srcset=\"https:\/\/saferteknik.com\/wp-content\/uploads\/2025\/05\/SIVI-PENETRANT-MUAYENESI-PT-2.jpg 501w, https:\/\/saferteknik.com\/wp-content\/uploads\/2025\/05\/SIVI-PENETRANT-MUAYENESI-PT-2-400x533.jpg 400w, https:\/\/saferteknik.com\/wp-content\/uploads\/2025\/05\/SIVI-PENETRANT-MUAYENESI-PT-2-367x489.jpg 367w\" sizes=\"auto, (max-width: 501px) 100vw, 501px\" \/><\/figure><\/a><a href=\"https:\/\/saferteknik.com\/wp-content\/uploads\/2025\/05\/SIVI-PENETRANT-MUAYENESI-PT-4.jpg\"><figure><img loading=\"lazy\" decoding=\"async\" width=\"501\" height=\"667\" src=\"https:\/\/saferteknik.com\/wp-content\/uploads\/2025\/05\/SIVI-PENETRANT-MUAYENESI-PT-4.jpg\" class=\"attachment-full size-full\" alt=\"\" srcset=\"https:\/\/saferteknik.com\/wp-content\/uploads\/2025\/05\/SIVI-PENETRANT-MUAYENESI-PT-4.jpg 501w, https:\/\/saferteknik.com\/wp-content\/uploads\/2025\/05\/SIVI-PENETRANT-MUAYENESI-PT-4-400x533.jpg 400w, https:\/\/saferteknik.com\/wp-content\/uploads\/2025\/05\/SIVI-PENETRANT-MUAYENESI-PT-4-367x489.jpg 367w\" sizes=\"auto, (max-width: 501px) 100vw, 501px\" \/><\/figure><\/a><a href=\"https:\/\/saferteknik.com\/wp-content\/uploads\/2025\/05\/SIVI-PENETRANT-MUAYENESI-PT-6.jpg\"><figure><img loading=\"lazy\" decoding=\"async\" width=\"501\" height=\"667\" src=\"https:\/\/saferteknik.com\/wp-content\/uploads\/2025\/05\/SIVI-PENETRANT-MUAYENESI-PT-6.jpg\" class=\"attachment-full size-full\" alt=\"\" srcset=\"https:\/\/saferteknik.com\/wp-content\/uploads\/2025\/05\/SIVI-PENETRANT-MUAYENESI-PT-6.jpg 501w, https:\/\/saferteknik.com\/wp-content\/uploads\/2025\/05\/SIVI-PENETRANT-MUAYENESI-PT-6-400x533.jpg 400w, https:\/\/saferteknik.com\/wp-content\/uploads\/2025\/05\/SIVI-PENETRANT-MUAYENESI-PT-6-367x489.jpg 367w\" sizes=\"auto, (max-width: 501px) 100vw, 501px\" \/><\/figure><\/a><\/div>[\/vc_column][\/vc_row][vc_row][vc_column]<style scope=\"scope\">.wpb_custom_9e39ed4c0da904bbec846477fdd33902 .grid-col-5-12{ flex: 0 0 auto; width: 41.6666%; }.wpb_custom_9e39ed4c0da904bbec846477fdd33902 .grid-col-3-12{ flex: 0 0 auto; width: 25%; }.wpb_custom_9e39ed4c0da904bbec846477fdd33902 .grid-col-2-12{ flex: 0 0 auto; width: 16.6666%; }.wpb_custom_9e39ed4c0da904bbec846477fdd33902 .grid-col-sizer { flex: 0 0 auto; width: 8.3333% }.wpb_custom_9e39ed4c0da904bbec846477fdd33902 .grid-height-1{ height: 600px }.wpb_custom_9e39ed4c0da904bbec846477fdd33902 .grid-height-1-2{ height: 300px }@media (max-width: 1163px) {.wpb_custom_9e39ed4c0da904bbec846477fdd33902 .grid-col-lg-1-2{ flex: 0 0 auto; width: 50%; }.wpb_custom_9e39ed4c0da904bbec846477fdd33902 .grid-col-lg-1-4{ flex: 0 0 auto; width: 25%; }.wpb_custom_9e39ed4c0da904bbec846477fdd33902 .grid-col-sizer { flex: 0 0 25%; width: 25% }}@media (max-width: 767px) {.wpb_custom_9e39ed4c0da904bbec846477fdd33902 .grid-col-md-1{ flex: 0 0 auto; width: 100%; }.wpb_custom_9e39ed4c0da904bbec846477fdd33902 .grid-col-md-1-2{ flex: 0 0 auto; width: 50%; }.wpb_custom_9e39ed4c0da904bbec846477fdd33902 .grid-col-md-1-2{ flex: 0 0 auto; width: 50%; }.wpb_custom_9e39ed4c0da904bbec846477fdd33902 .grid-col-sizer { flex: 0 0 50%; width: 50% }.wpb_custom_9e39ed4c0da904bbec846477fdd33902 .grid-height-1{ height: 400px; }.wpb_custom_9e39ed4c0da904bbec846477fdd33902 .grid-height-1-2{ height: 200px; }}@media (max-width: 480px) {.wpb_custom_9e39ed4c0da904bbec846477fdd33902 a { flex: 0 0 auto; width: 100%; }}<\/style><div class=\"porto-gallery has-ccols ccols-1 has-ccols-spacing ccols-sm-2 ccols-md-3 ccols-lg-4 wpb_custom_9e39ed4c0da904bbec846477fdd33902 porto-gallery-creative porto-preset-layout lightbox\" data-plugin-masonry data-plugin-options=\"{&quot;layoutMode&quot;:&quot;masonry&quot;,&quot;itemSelector&quot;:&quot;a&quot;,&quot;masonry&quot;:{&quot;columnWidth&quot;:&quot;.grid-col-sizer&quot;},&quot;animationEngine&quot;:&quot;best-available&quot;,&quot;resizable&quot;:false}\" data-lightbox-options=\"{&quot;delegate&quot;:&quot;a&quot;,&quot;mainClass&quot;:&quot;mfp-with-zoom&quot;,&quot;zoom&quot;:{&quot;enabled&quot;:true,&quot;duration&quot;:300},&quot;gallery&quot;:{&quot;enabled&quot;:true},&quot;type&quot;:&quot;image&quot;}\"><a class=\" grid-col-5-12 grid-col-md-1 grid-col-lg-1-2 grid-height-1\" href=\"https:\/\/saferteknik.com\/wp-content\/uploads\/2025\/05\/SIVI-PENETRANT-MUAYENESI-PT-22.jpg\"><figure><img loading=\"lazy\" decoding=\"async\" width=\"677\" height=\"667\" src=\"https:\/\/saferteknik.com\/wp-content\/uploads\/2025\/05\/SIVI-PENETRANT-MUAYENESI-PT-22.jpg\" class=\"attachment-large size-large\" alt=\"\" srcset=\"https:\/\/saferteknik.com\/wp-content\/uploads\/2025\/05\/SIVI-PENETRANT-MUAYENESI-PT-22.jpg 677w, https:\/\/saferteknik.com\/wp-content\/uploads\/2025\/05\/SIVI-PENETRANT-MUAYENESI-PT-22-640x631.jpg 640w, https:\/\/saferteknik.com\/wp-content\/uploads\/2025\/05\/SIVI-PENETRANT-MUAYENESI-PT-22-400x394.jpg 400w, https:\/\/saferteknik.com\/wp-content\/uploads\/2025\/05\/SIVI-PENETRANT-MUAYENESI-PT-22-367x362.jpg 367w\" sizes=\"auto, (max-width: 677px) 100vw, 677px\" \/><\/figure><\/a><a class=\" grid-col-3-12 grid-col-md-1-2 grid-col-lg-1-2 grid-height-1\" href=\"https:\/\/saferteknik.com\/wp-content\/uploads\/2025\/05\/SIVI-PENETRANT-MUAYENESI-PT-24.jpg\"><figure><img loading=\"lazy\" decoding=\"async\" width=\"501\" height=\"667\" src=\"https:\/\/saferteknik.com\/wp-content\/uploads\/2025\/05\/SIVI-PENETRANT-MUAYENESI-PT-24.jpg\" class=\"attachment-large size-large\" alt=\"\" srcset=\"https:\/\/saferteknik.com\/wp-content\/uploads\/2025\/05\/SIVI-PENETRANT-MUAYENESI-PT-24.jpg 501w, https:\/\/saferteknik.com\/wp-content\/uploads\/2025\/05\/SIVI-PENETRANT-MUAYENESI-PT-24-400x533.jpg 400w, https:\/\/saferteknik.com\/wp-content\/uploads\/2025\/05\/SIVI-PENETRANT-MUAYENESI-PT-24-367x489.jpg 367w\" sizes=\"auto, (max-width: 501px) 100vw, 501px\" \/><\/figure><\/a><a class=\" grid-col-2-12 grid-col-md-1-2 grid-col-lg-1-4 grid-height-1-2\" href=\"https:\/\/saferteknik.com\/wp-content\/uploads\/2025\/05\/SIVI-PENETRANT-MUAYENESI-PT-31.jpg\"><figure><img loading=\"lazy\" decoding=\"async\" width=\"266\" height=\"300\" src=\"https:\/\/saferteknik.com\/wp-content\/uploads\/2025\/05\/SIVI-PENETRANT-MUAYENESI-PT-31-266x300.jpg\" class=\"attachment-medium size-medium\" alt=\"\" \/><\/figure><\/a><a class=\" grid-col-2-12 grid-col-md-1-2 grid-col-lg-1-4 grid-height-1-2\" href=\"https:\/\/saferteknik.com\/wp-content\/uploads\/2025\/05\/SIVI-PENETRANT-MUAYENESI-PT-23.jpg\"><figure><img loading=\"lazy\" decoding=\"async\" width=\"225\" height=\"300\" src=\"https:\/\/saferteknik.com\/wp-content\/uploads\/2025\/05\/SIVI-PENETRANT-MUAYENESI-PT-23-225x300.jpg\" class=\"attachment-medium size-medium\" alt=\"\" \/><\/figure><\/a><a class=\" grid-col-2-12 grid-col-md-1-2 grid-col-lg-1-4 grid-height-1-2\" href=\"https:\/\/saferteknik.com\/wp-content\/uploads\/2025\/05\/SIVI-PENETRANT-MUAYENESI-PT-25.jpg\"><figure><img loading=\"lazy\" decoding=\"async\" width=\"300\" height=\"225\" src=\"https:\/\/saferteknik.com\/wp-content\/uploads\/2025\/05\/SIVI-PENETRANT-MUAYENESI-PT-25-300x225.jpg\" class=\"attachment-medium size-medium\" alt=\"\" \/><\/figure><\/a><a class=\" grid-col-2-12 grid-col-md-1-2 grid-col-lg-1-4 grid-height-1-2\" href=\"https:\/\/saferteknik.com\/wp-content\/uploads\/2025\/05\/SIVI-PENETRANT-MUAYENESI-PT-27.jpg\"><figure><img loading=\"lazy\" decoding=\"async\" width=\"300\" height=\"225\" src=\"https:\/\/saferteknik.com\/wp-content\/uploads\/2025\/05\/SIVI-PENETRANT-MUAYENESI-PT-27-300x225.jpg\" class=\"attachment-medium size-medium\" alt=\"\" \/><\/figure><\/a><figure class=\"grid-col-sizer\"><\/figure><\/div>[\/vc_column][\/vc_row]<\/p>\n<\/div>","protected":false},"excerpt":{"rendered":"<p>[vc_row full_width=&#8221;stretch_row_content_no_spaces&#8221; css=&#8221;.vc_custom_1746187986409{margin-top: -50px !important;background-image: url(https:\/\/saferteknik.com\/wp-content\/uploads\/2025\/05\/SIVI-PENETRANT-MUAYENESI-PT.jpg?id=24398) !important;}&#8221; conditional_render=&#8221;%5B%7B%22value_role%22%3A%22administrator%22%7D%5D&#8221; css_params=&#8221;&#8221;][vc_column offset=&#8221;vc_hidden-md vc_hidden-sm vc_hidden-xs&#8221; conditional_render=&#8221;%5B%7B%22value_role%22%3A%22administrator%22%7D%5D&#8221; css_params=&#8221;&#8221;][vc_empty_space height=&#8221;290px&#8221; css_params=&#8221;&#8221;][\/vc_column][\/vc_row][vc_row][vc_column][vc_column_text]Malzemelerin y\u00fczeyindeki a\u00e7\u0131k s\u00fcreksizlikleri tespit etmek i\u00e7in kullan\u0131lan yayg\u0131n bir tahribats\u0131z muayene y\u00f6ntemidir. Bu y\u00f6ntem, \u00f6zellikle ferromanyetik olmayan malzemelerde y\u00fczey \u00e7atlaklar\u0131, g\u00f6zenekler ve di\u011fer kusurlar\u0131n belirlenmesinde etkilidir.[\/vc_column_text][vc_custom_heading text=&#8221;S\u0131v\u0131 Penetrant Muayenesinin A\u015famalar\u0131&#8221; font_container=&#8221;tag:h3|text_align:left&#8221; google_fonts=&#8221;font_family:Roboto%3A100%2C100italic%2C300%2C300italic%2Cregular%2Citalic%2C500%2C500italic%2C700%2C700italic%2C900%2C900italic|font_style:400%20regular%3A400%3Anormal&#8221;][vc_column_text] Y\u00fczey Haz\u0131rl\u0131\u011f\u0131: Muayene edilecek y\u00fczey, ya\u011f, kir, [&hellip;]<\/p>\n","protected":false},"author":1,"featured_media":0,"parent":1276,"menu_order":0,"comment_status":"closed","ping_status":"closed","template":"","meta":{"footnotes":""},"class_list":["post-1284","page","type-page","status-publish","hentry"],"_links":{"self":[{"href":"https:\/\/saferteknik.com\/index.php\/wp-json\/wp\/v2\/pages\/1284","targetHints":{"allow":["GET"]}}],"collection":[{"href":"https:\/\/saferteknik.com\/index.php\/wp-json\/wp\/v2\/pages"}],"about":[{"href":"https:\/\/saferteknik.com\/index.php\/wp-json\/wp\/v2\/types\/page"}],"author":[{"embeddable":true,"href":"https:\/\/saferteknik.com\/index.php\/wp-json\/wp\/v2\/users\/1"}],"replies":[{"embeddable":true,"href":"https:\/\/saferteknik.com\/index.php\/wp-json\/wp\/v2\/comments?post=1284"}],"version-history":[{"count":8,"href":"https:\/\/saferteknik.com\/index.php\/wp-json\/wp\/v2\/pages\/1284\/revisions"}],"predecessor-version":[{"id":24426,"href":"https:\/\/saferteknik.com\/index.php\/wp-json\/wp\/v2\/pages\/1284\/revisions\/24426"}],"up":[{"embeddable":true,"href":"https:\/\/saferteknik.com\/index.php\/wp-json\/wp\/v2\/pages\/1276"}],"wp:attachment":[{"href":"https:\/\/saferteknik.com\/index.php\/wp-json\/wp\/v2\/media?parent=1284"}],"curies":[{"name":"wp","href":"https:\/\/api.w.org\/{rel}","templated":true}]}}